{"id":2022,"date":"2023-12-29T10:19:41","date_gmt":"2023-12-29T10:19:41","guid":{"rendered":"https:\/\/ag-foto.de\/?page_id=2022"},"modified":"2024-12-27T09:04:42","modified_gmt":"2024-12-27T09:04:42","slug":"gutschein","status":"publish","type":"page","link":"https:\/\/ag-foto.de\/?page_id=2022","title":{"rendered":"Gutschein"},"content":{"rendered":"\n<p><strong>&#8222;Unvergessliche Erinnerungen schenken: Das Fotoshooting-Geschenk f\u00fcr einen Besonderen Menschen&#8220;<\/strong><\/p>\n\n\n\n<p>M\u00f6chtest du einem wertvollen Menschen ein Geschenk machen, das f\u00fcr immer in Erinnerung bleibt? Schenke unvergleichliche Augenblicke und emotionale Portr\u00e4ts mit unserem exklusiven Fotoshooting-Gutschein!<\/p>\n\n\n\n<p>Verschenke nicht nur Bilder, sondern ein Erlebnis, das tief ber\u00fchrt. Wir werden daf\u00fcr sorgen, dass die Pers\u00f6nlichkeit und Sch\u00f6nheit des Beschenkten in jedem Bild strahlen. Ob alleine, mit dem Partner, der Familie oder Freunden \u2013 wir schaffen individuelle Geschichten, die f\u00fcr immer festgehalten werden.<\/p>\n\n\n\n<figure class=\"wp-block-gallery has-nested-images columns-default is-cropped wp-block-gallery-1 is-layout-flex wp-block-gallery-is-layout-flex\">\n<figure class=\"wp-block-image size-large\"><a href=\"https:\/\/ag-foto.de\/wp-content\/uploads\/2024\/01\/GutscheinVorlage.png\"><img fetchpriority=\"high\" decoding=\"async\" width=\"806\" height=\"545\" data-id=\"2142\" src=\"https:\/\/ag-foto.de\/wp-content\/uploads\/2024\/01\/GutscheinVorlage.png\" alt=\"\" class=\"wp-image-2142\" srcset=\"https:\/\/ag-foto.de\/wp-content\/uploads\/2024\/01\/GutscheinVorlage.png 806w, https:\/\/ag-foto.de\/wp-content\/uploads\/2024\/01\/GutscheinVorlage-300x203.png 300w, https:\/\/ag-foto.de\/wp-content\/uploads\/2024\/01\/GutscheinVorlage-768x519.png 768w, https:\/\/ag-foto.de\/wp-content\/uploads\/2024\/01\/GutscheinVorlage-600x406.png 600w\" sizes=\"(max-width: 806px) 100vw, 806px\" \/><\/a><\/figure>\n<\/figure>\n\n\n\n<p>Dieser Gutschein ist mehr als nur ein St\u00fcck Papier. Es ist die Einladung zu einem pers\u00f6nlichen Fotoshooting, bei dem der oder die Beschenkte im Mittelpunkt steht. Vom Styling \u00fcber die Auswahl der Location bis hin zur entspannten Atmosph\u00e4re \u2013 wir k\u00fcmmern uns um jedes Detail, um ein unvergessliches Erlebnis zu schaffen.<\/p>\n\n\n\n<figure class=\"wp-block-gallery has-nested-images columns-default is-cropped wp-block-gallery-2 is-layout-flex wp-block-gallery-is-layout-flex\">\n<figure class=\"wp-block-image size-large\"><a href=\"https:\/\/ag-foto.de\/wp-content\/uploads\/2023\/10\/X-Quer-WaldVerena02.jpg\"><img decoding=\"async\" width=\"1024\" height=\"1024\" data-id=\"1824\" src=\"https:\/\/ag-foto.de\/wp-content\/uploads\/2023\/10\/X-Quer-WaldVerena02-1024x1024.jpg\" alt=\"Frau mit Blatt\" class=\"wp-image-1824\" srcset=\"https:\/\/ag-foto.de\/wp-content\/uploads\/2023\/10\/X-Quer-WaldVerena02-1024x1024.jpg 1024w, https:\/\/ag-foto.de\/wp-content\/uploads\/2023\/10\/X-Quer-WaldVerena02-300x300.jpg 300w, https:\/\/ag-foto.de\/wp-content\/uploads\/2023\/10\/X-Quer-WaldVerena02-150x150.jpg 150w, https:\/\/ag-foto.de\/wp-content\/uploads\/2023\/10\/X-Quer-WaldVerena02-768x769.jpg 768w, https:\/\/ag-foto.de\/wp-content\/uploads\/2023\/10\/X-Quer-WaldVerena02-600x600.jpg 600w, https:\/\/ag-foto.de\/wp-content\/uploads\/2023\/10\/X-Quer-WaldVerena02.jpg 1067w\" sizes=\"(max-width: 1024px) 100vw, 1024px\" \/><\/a><\/figure>\n\n\n\n<figure class=\"wp-block-image size-large\"><a href=\"https:\/\/ag-foto.de\/wp-content\/uploads\/2023\/12\/Q-Black-Verena01-1.jpg\"><img decoding=\"async\" width=\"1024\" height=\"1024\" data-id=\"1994\" src=\"https:\/\/ag-foto.de\/wp-content\/uploads\/2023\/12\/Q-Black-Verena01-1-1024x1024.jpg\" alt=\"\" class=\"wp-image-1994\" srcset=\"https:\/\/ag-foto.de\/wp-content\/uploads\/2023\/12\/Q-Black-Verena01-1-1024x1024.jpg 1024w, https:\/\/ag-foto.de\/wp-content\/uploads\/2023\/12\/Q-Black-Verena01-1-300x300.jpg 300w, https:\/\/ag-foto.de\/wp-content\/uploads\/2023\/12\/Q-Black-Verena01-1-150x150.jpg 150w, https:\/\/ag-foto.de\/wp-content\/uploads\/2023\/12\/Q-Black-Verena01-1-768x769.jpg 768w, https:\/\/ag-foto.de\/wp-content\/uploads\/2023\/12\/Q-Black-Verena01-1-600x600.jpg 600w, https:\/\/ag-foto.de\/wp-content\/uploads\/2023\/12\/Q-Black-Verena01-1.jpg 1067w\" sizes=\"(max-width: 1024px) 100vw, 1024px\" \/><\/a><\/figure>\n\n\n\n<figure class=\"wp-block-image size-large\"><a href=\"https:\/\/ag-foto.de\/wp-content\/uploads\/2023\/09\/Tatjana-2023-08-Q-12.jpg\"><img loading=\"lazy\" decoding=\"async\" width=\"1024\" height=\"1024\" data-id=\"1486\" src=\"https:\/\/ag-foto.de\/wp-content\/uploads\/2023\/09\/Tatjana-2023-08-Q-12-1024x1024.jpg\" alt=\"\" class=\"wp-image-1486\" srcset=\"https:\/\/ag-foto.de\/wp-content\/uploads\/2023\/09\/Tatjana-2023-08-Q-12-1024x1024.jpg 1024w, https:\/\/ag-foto.de\/wp-content\/uploads\/2023\/09\/Tatjana-2023-08-Q-12-300x300.jpg 300w, https:\/\/ag-foto.de\/wp-content\/uploads\/2023\/09\/Tatjana-2023-08-Q-12-150x150.jpg 150w, https:\/\/ag-foto.de\/wp-content\/uploads\/2023\/09\/Tatjana-2023-08-Q-12-768x769.jpg 768w, https:\/\/ag-foto.de\/wp-content\/uploads\/2023\/09\/Tatjana-2023-08-Q-12-600x600.jpg 600w, https:\/\/ag-foto.de\/wp-content\/uploads\/2023\/09\/Tatjana-2023-08-Q-12.jpg 1067w\" sizes=\"(max-width: 1024px) 100vw, 1024px\" \/><\/a><\/figure>\n\n\n\n<figure class=\"wp-block-image size-large\"><a href=\"https:\/\/ag-foto.de\/wp-content\/uploads\/2023\/09\/Sandra-Q-32-1.jpg\"><img loading=\"lazy\" decoding=\"async\" width=\"1024\" height=\"1024\" data-id=\"1449\" src=\"https:\/\/ag-foto.de\/wp-content\/uploads\/2023\/09\/Sandra-Q-32-1-1024x1024.jpg\" alt=\"\" class=\"wp-image-1449\" srcset=\"https:\/\/ag-foto.de\/wp-content\/uploads\/2023\/09\/Sandra-Q-32-1-1024x1024.jpg 1024w, https:\/\/ag-foto.de\/wp-content\/uploads\/2023\/09\/Sandra-Q-32-1-300x300.jpg 300w, https:\/\/ag-foto.de\/wp-content\/uploads\/2023\/09\/Sandra-Q-32-1-150x150.jpg 150w, https:\/\/ag-foto.de\/wp-content\/uploads\/2023\/09\/Sandra-Q-32-1-768x769.jpg 768w, https:\/\/ag-foto.de\/wp-content\/uploads\/2023\/09\/Sandra-Q-32-1-600x600.jpg 600w, https:\/\/ag-foto.de\/wp-content\/uploads\/2023\/09\/Sandra-Q-32-1.jpg 1067w\" sizes=\"(max-width: 1024px) 100vw, 1024px\" \/><\/a><\/figure>\n\n\n\n<figure class=\"wp-block-image size-large\"><a href=\"https:\/\/ag-foto.de\/wp-content\/uploads\/2023\/06\/2023-06-Feld-10q.png\"><img loading=\"lazy\" decoding=\"async\" width=\"1024\" height=\"1024\" data-id=\"1217\" src=\"https:\/\/ag-foto.de\/wp-content\/uploads\/2023\/06\/2023-06-Feld-10q-1024x1024.png\" alt=\"\" class=\"wp-image-1217\" srcset=\"https:\/\/ag-foto.de\/wp-content\/uploads\/2023\/06\/2023-06-Feld-10q-1024x1024.png 1024w, https:\/\/ag-foto.de\/wp-content\/uploads\/2023\/06\/2023-06-Feld-10q-300x300.png 300w, https:\/\/ag-foto.de\/wp-content\/uploads\/2023\/06\/2023-06-Feld-10q-150x150.png 150w, https:\/\/ag-foto.de\/wp-content\/uploads\/2023\/06\/2023-06-Feld-10q-768x769.png 768w, https:\/\/ag-foto.de\/wp-content\/uploads\/2023\/06\/2023-06-Feld-10q.png 1067w\" sizes=\"(max-width: 1024px) 100vw, 1024px\" \/><\/a><\/figure>\n<\/figure>\n\n\n\n<p>Das perfekte Geschenk f\u00fcr Geburtstage, Jubil\u00e4en, oder einfach nur, um zu sagen: &#8222;Du bist etwas Besonderes.&#8220; Erwecke Erinnerungen zum Leben und schenke deinem Lieblingsmenschen die M\u00f6glichkeit, sich von seiner besten Seite zu zeigen.<\/p>\n\n\n\n<p>Sichere dir jetzt diesen exklusiven Fotoshooting-Gutschein und erlebe, wie Geschenke zu bleibenden Erinnerungen werden. Denn Augenblicke sind fl\u00fcchtig, aber Erinnerungen halten ewig.<\/p>\n\n\n\n<div class=\"wp-block-buttons is-content-justification-center is-layout-flex wp-container-core-buttons-is-layout-a89b3969 wp-block-buttons-is-layout-flex\">\n<div class=\"wp-block-button\"><a class=\"wp-block-button__link has-black-color has-vivid-cyan-blue-background-color has-text-color has-background wp-element-button\" href=\"https:\/\/ag-foto.de\/?page_id=1297\">Hier kommst Du zu unseren Leistungen und Preise<\/a><\/div>\n<\/div>\n\n\n\n<hr class=\"wp-block-separator has-alpha-channel-opacity\"\/>\n","protected":false},"excerpt":{"rendered":"<p>&#8222;Unvergessliche Erinnerungen schenken: Das Fotoshooting-Geschenk f\u00fcr einen Besonderen Menschen&#8220; M\u00f6chtest du einem wertvollen Menschen ein Geschenk machen, das f\u00fcr immer in Erinnerung bleibt? Schenke unvergleichliche Augenblicke und emotionale Portr\u00e4ts mit unserem exklusiven Fotoshooting-Gutschein! Verschenke nicht nur Bilder, sondern ein Erlebnis, das tief ber\u00fchrt. Wir werden daf\u00fcr sorgen, dass die Pers\u00f6nlichkeit und Sch\u00f6nheit des Beschenkten in &hellip; <\/p>\n<p class=\"link-more\"><a href=\"https:\/\/ag-foto.de\/?page_id=2022\" class=\"more-link\">Mehr <span class=\"screen-reader-text\">\u00fcber &#8222;Gutschein&#8220; <\/span>Lesen<\/a><\/p>\n","protected":false},"author":1,"featured_media":3071,"parent":0,"menu_order":0,"comment_status":"closed","ping_status":"closed","template":"","meta":{"_glsr_average":0,"_glsr_ranking":0,"_glsr_reviews":0,"two_page_speed":[],"footnotes":""},"class_list":["post-2022","page","type-page","status-publish","has-post-thumbnail","hentry"],"yoast_head":"<!-- This site is optimized with the Yoast SEO plugin v27.2 - https:\/\/yoast.com\/product\/yoast-seo-wordpress\/ -->\n<title>Gutschein - FOTOGRAPHIE OF MOMENTS<\/title>\n<meta name=\"robots\" content=\"index, follow, max-snippet:-1, max-image-preview:large, max-video-preview:-1\" \/>\n<link rel=\"canonical\" href=\"https:\/\/ag-foto.de\/?page_id=2022\" \/>\n<meta property=\"og:locale\" content=\"de_DE\" \/>\n<meta property=\"og:type\" content=\"article\" \/>\n<meta property=\"og:title\" content=\"Gutschein - FOTOGRAPHIE OF MOMENTS\" \/>\n<meta property=\"og:description\" content=\"&#8222;Unvergessliche Erinnerungen schenken: Das Fotoshooting-Geschenk f\u00fcr einen Besonderen Menschen&#8220; M\u00f6chtest du einem wertvollen Menschen ein Geschenk machen, das f\u00fcr immer in Erinnerung bleibt? Schenke unvergleichliche Augenblicke und emotionale Portr\u00e4ts mit unserem exklusiven Fotoshooting-Gutschein! Verschenke nicht nur Bilder, sondern ein Erlebnis, das tief ber\u00fchrt. Wir werden daf\u00fcr sorgen, dass die Pers\u00f6nlichkeit und Sch\u00f6nheit des Beschenkten in &hellip; Mehr \u00fcber &quot;Gutschein&quot; Lesen\" \/>\n<meta property=\"og:url\" content=\"https:\/\/ag-foto.de\/?page_id=2022\" \/>\n<meta property=\"og:site_name\" content=\"FOTOGRAPHIE OF MOMENTS\" \/>\n<meta property=\"article:publisher\" content=\"https:\/\/www.facebook.com\/uwfoto\" \/>\n<meta property=\"article:modified_time\" content=\"2024-12-27T09:04:42+00:00\" \/>\n<meta property=\"og:image\" content=\"https:\/\/ag-foto.de\/wp-content\/uploads\/2024\/12\/WebSeiteKopf_Gutschein.png\" \/>\n\t<meta property=\"og:image:width\" content=\"756\" \/>\n\t<meta property=\"og:image:height\" content=\"454\" \/>\n\t<meta property=\"og:image:type\" content=\"image\/png\" \/>\n<meta name=\"twitter:card\" content=\"summary_large_image\" \/>\n<meta name=\"twitter:site\" content=\"@INFO_GERBER\" \/>\n<meta name=\"twitter:label1\" content=\"Gesch\u00e4tzte Lesezeit\" \/>\n\t<meta name=\"twitter:data1\" content=\"3\u00a0Minuten\" \/>\n<script type=\"application\/ld+json\" class=\"yoast-schema-graph\">{\"@context\":\"https:\/\/schema.org\",\"@graph\":[{\"@type\":\"WebPage\",\"@id\":\"https:\/\/ag-foto.de\/?page_id=2022\",\"url\":\"https:\/\/ag-foto.de\/?page_id=2022\",\"name\":\"Gutschein - FOTOGRAPHIE OF MOMENTS\",\"isPartOf\":{\"@id\":\"https:\/\/ag-foto.de\/#website\"},\"primaryImageOfPage\":{\"@id\":\"https:\/\/ag-foto.de\/?page_id=2022#primaryimage\"},\"image\":{\"@id\":\"https:\/\/ag-foto.de\/?page_id=2022#primaryimage\"},\"thumbnailUrl\":\"https:\/\/ag-foto.de\/wp-content\/uploads\/2024\/12\/WebSeiteKopf_Gutschein.png\",\"datePublished\":\"2023-12-29T10:19:41+00:00\",\"dateModified\":\"2024-12-27T09:04:42+00:00\",\"breadcrumb\":{\"@id\":\"https:\/\/ag-foto.de\/?page_id=2022#breadcrumb\"},\"inLanguage\":\"de\",\"potentialAction\":[{\"@type\":\"ReadAction\",\"target\":[\"https:\/\/ag-foto.de\/?page_id=2022\"]}]},{\"@type\":\"ImageObject\",\"inLanguage\":\"de\",\"@id\":\"https:\/\/ag-foto.de\/?page_id=2022#primaryimage\",\"url\":\"https:\/\/ag-foto.de\/wp-content\/uploads\/2024\/12\/WebSeiteKopf_Gutschein.png\",\"contentUrl\":\"https:\/\/ag-foto.de\/wp-content\/uploads\/2024\/12\/WebSeiteKopf_Gutschein.png\",\"width\":756,\"height\":454,\"caption\":\"Gutschein\"},{\"@type\":\"BreadcrumbList\",\"@id\":\"https:\/\/ag-foto.de\/?page_id=2022#breadcrumb\",\"itemListElement\":[{\"@type\":\"ListItem\",\"position\":1,\"name\":\"Startseite\",\"item\":\"https:\/\/ag-foto.de\/\"},{\"@type\":\"ListItem\",\"position\":2,\"name\":\"Gutschein\"}]},{\"@type\":\"WebSite\",\"@id\":\"https:\/\/ag-foto.de\/#website\",\"url\":\"https:\/\/ag-foto.de\/\",\"name\":\"FOTOGRAPHIE OF MOMENTS\",\"description\":\"Studio | Portrait | In- Outdoor | Homestory | Unterwasserfotografie\",\"potentialAction\":[{\"@type\":\"SearchAction\",\"target\":{\"@type\":\"EntryPoint\",\"urlTemplate\":\"https:\/\/ag-foto.de\/?s={search_term_string}\"},\"query-input\":{\"@type\":\"PropertyValueSpecification\",\"valueRequired\":true,\"valueName\":\"search_term_string\"}}],\"inLanguage\":\"de\"}]}<\/script>\n<!-- \/ Yoast SEO plugin. -->","yoast_head_json":{"title":"Gutschein - FOTOGRAPHIE OF MOMENTS","robots":{"index":"index","follow":"follow","max-snippet":"max-snippet:-1","max-image-preview":"max-image-preview:large","max-video-preview":"max-video-preview:-1"},"canonical":"https:\/\/ag-foto.de\/?page_id=2022","og_locale":"de_DE","og_type":"article","og_title":"Gutschein - FOTOGRAPHIE OF MOMENTS","og_description":"&#8222;Unvergessliche Erinnerungen schenken: Das Fotoshooting-Geschenk f\u00fcr einen Besonderen Menschen&#8220; M\u00f6chtest du einem wertvollen Menschen ein Geschenk machen, das f\u00fcr immer in Erinnerung bleibt? Schenke unvergleichliche Augenblicke und emotionale Portr\u00e4ts mit unserem exklusiven Fotoshooting-Gutschein! Verschenke nicht nur Bilder, sondern ein Erlebnis, das tief ber\u00fchrt. Wir werden daf\u00fcr sorgen, dass die Pers\u00f6nlichkeit und Sch\u00f6nheit des Beschenkten in &hellip; Mehr \u00fcber \"Gutschein\" Lesen","og_url":"https:\/\/ag-foto.de\/?page_id=2022","og_site_name":"FOTOGRAPHIE OF MOMENTS","article_publisher":"https:\/\/www.facebook.com\/uwfoto","article_modified_time":"2024-12-27T09:04:42+00:00","og_image":[{"width":756,"height":454,"url":"https:\/\/ag-foto.de\/wp-content\/uploads\/2024\/12\/WebSeiteKopf_Gutschein.png","type":"image\/png"}],"twitter_card":"summary_large_image","twitter_site":"@INFO_GERBER","twitter_misc":{"Gesch\u00e4tzte Lesezeit":"3\u00a0Minuten"},"schema":{"@context":"https:\/\/schema.org","@graph":[{"@type":"WebPage","@id":"https:\/\/ag-foto.de\/?page_id=2022","url":"https:\/\/ag-foto.de\/?page_id=2022","name":"Gutschein - FOTOGRAPHIE OF MOMENTS","isPartOf":{"@id":"https:\/\/ag-foto.de\/#website"},"primaryImageOfPage":{"@id":"https:\/\/ag-foto.de\/?page_id=2022#primaryimage"},"image":{"@id":"https:\/\/ag-foto.de\/?page_id=2022#primaryimage"},"thumbnailUrl":"https:\/\/ag-foto.de\/wp-content\/uploads\/2024\/12\/WebSeiteKopf_Gutschein.png","datePublished":"2023-12-29T10:19:41+00:00","dateModified":"2024-12-27T09:04:42+00:00","breadcrumb":{"@id":"https:\/\/ag-foto.de\/?page_id=2022#breadcrumb"},"inLanguage":"de","potentialAction":[{"@type":"ReadAction","target":["https:\/\/ag-foto.de\/?page_id=2022"]}]},{"@type":"ImageObject","inLanguage":"de","@id":"https:\/\/ag-foto.de\/?page_id=2022#primaryimage","url":"https:\/\/ag-foto.de\/wp-content\/uploads\/2024\/12\/WebSeiteKopf_Gutschein.png","contentUrl":"https:\/\/ag-foto.de\/wp-content\/uploads\/2024\/12\/WebSeiteKopf_Gutschein.png","width":756,"height":454,"caption":"Gutschein"},{"@type":"BreadcrumbList","@id":"https:\/\/ag-foto.de\/?page_id=2022#breadcrumb","itemListElement":[{"@type":"ListItem","position":1,"name":"Startseite","item":"https:\/\/ag-foto.de\/"},{"@type":"ListItem","position":2,"name":"Gutschein"}]},{"@type":"WebSite","@id":"https:\/\/ag-foto.de\/#website","url":"https:\/\/ag-foto.de\/","name":"FOTOGRAPHIE OF MOMENTS","description":"Studio | Portrait | In- Outdoor | Homestory | Unterwasserfotografie","potentialAction":[{"@type":"SearchAction","target":{"@type":"EntryPoint","urlTemplate":"https:\/\/ag-foto.de\/?s={search_term_string}"},"query-input":{"@type":"PropertyValueSpecification","valueRequired":true,"valueName":"search_term_string"}}],"inLanguage":"de"}]}},"_links":{"self":[{"href":"https:\/\/ag-foto.de\/index.php?rest_route=\/wp\/v2\/pages\/2022","targetHints":{"allow":["GET"]}}],"collection":[{"href":"https:\/\/ag-foto.de\/index.php?rest_route=\/wp\/v2\/pages"}],"about":[{"href":"https:\/\/ag-foto.de\/index.php?rest_route=\/wp\/v2\/types\/page"}],"author":[{"embeddable":true,"href":"https:\/\/ag-foto.de\/index.php?rest_route=\/wp\/v2\/users\/1"}],"replies":[{"embeddable":true,"href":"https:\/\/ag-foto.de\/index.php?rest_route=%2Fwp%2Fv2%2Fcomments&post=2022"}],"version-history":[{"count":1,"href":"https:\/\/ag-foto.de\/index.php?rest_route=\/wp\/v2\/pages\/2022\/revisions"}],"predecessor-version":[{"id":3065,"href":"https:\/\/ag-foto.de\/index.php?rest_route=\/wp\/v2\/pages\/2022\/revisions\/3065"}],"wp:featuredmedia":[{"embeddable":true,"href":"https:\/\/ag-foto.de\/index.php?rest_route=\/wp\/v2\/media\/3071"}],"wp:attachment":[{"href":"https:\/\/ag-foto.de\/index.php?rest_route=%2Fwp%2Fv2%2Fmedia&parent=2022"}],"curies":[{"name":"wp","href":"https:\/\/api.w.org\/{rel}","templated":true}]}}