{"id":1095,"date":"2023-03-24T08:40:22","date_gmt":"2023-03-24T08:40:22","guid":{"rendered":"https:\/\/ag-foto.de\/?page_id=1095"},"modified":"2026-01-03T00:54:38","modified_gmt":"2026-01-02T23:54:38","slug":"set-card","status":"publish","type":"page","link":"https:\/\/ag-foto.de\/?page_id=1095","title":{"rendered":"Sed-Cards"},"content":{"rendered":"\n<hr class=\"wp-block-separator has-alpha-channel-opacity\"\/>\n\n\n\n<h3 class=\"wp-block-heading\"><strong>Deine Eintrittskarte in die Welt des Business und Modelings<\/strong><\/h3>\n\n\n\n<p>Wir unterst\u00fctzen dich bei der Erstellung deiner perfekten Sedcard \u2013 professionell, individuell und aussagekr\u00e4ftig.<\/p>\n\n\n\n<figure class=\"wp-block-image aligncenter size-large\"><a href=\"https:\/\/ag-foto.de\/wp-content\/uploads\/2023\/03\/2023-03-Ballett-01.png\"><img fetchpriority=\"high\" decoding=\"async\" width=\"576\" height=\"1024\" src=\"https:\/\/ag-foto.de\/wp-content\/uploads\/2023\/03\/2023-03-Ballett-01-576x1024.png\" alt=\"\" class=\"wp-image-1108\" srcset=\"https:\/\/ag-foto.de\/wp-content\/uploads\/2023\/03\/2023-03-Ballett-01-576x1024.png 576w, https:\/\/ag-foto.de\/wp-content\/uploads\/2023\/03\/2023-03-Ballett-01-169x300.png 169w, https:\/\/ag-foto.de\/wp-content\/uploads\/2023\/03\/2023-03-Ballett-01-768x1365.png 768w, https:\/\/ag-foto.de\/wp-content\/uploads\/2023\/03\/2023-03-Ballett-01-864x1536.png 864w, https:\/\/ag-foto.de\/wp-content\/uploads\/2023\/03\/2023-03-Ballett-01.png 1080w\" sizes=\"(max-width: 576px) 100vw, 576px\" \/><\/a><\/figure>\n\n\n\n<p><a href=\"https:\/\/www.instagram.com\/kaithy_m\/\">https:\/\/www.instagram.com\/kaithy_m\/<\/a><\/p>\n\n\n\n<h4 class=\"wp-block-heading\"><strong>Unser Anspruch<\/strong><\/h4>\n\n\n\n<p>Wir liefern dir professionell ausgeleuchtete, hochaufl\u00f6sende und gestochen scharfe Fotos, die deine Einzigartigkeit unterstreichen \u2013 f\u00fcr Bewerbungen, Sedcards oder Portfolio-Pr\u00e4sentationen deiner t\u00e4nzerischen F\u00e4higkeiten und St\u00e4rken.<\/p>\n\n\n\n<figure class=\"wp-block-gallery has-nested-images columns-default is-cropped wp-block-gallery-1 is-layout-flex wp-block-gallery-is-layout-flex\">\n<figure class=\"wp-block-image size-large\"><a href=\"https:\/\/ag-foto.de\/wp-content\/uploads\/2023\/03\/05_05Color.png\"><img decoding=\"async\" width=\"1024\" height=\"1024\" data-id=\"1117\" src=\"https:\/\/ag-foto.de\/wp-content\/uploads\/2023\/03\/05_05Color-1024x1024.png\" alt=\"\" class=\"wp-image-1117\" srcset=\"https:\/\/ag-foto.de\/wp-content\/uploads\/2023\/03\/05_05Color-1024x1024.png 1024w, https:\/\/ag-foto.de\/wp-content\/uploads\/2023\/03\/05_05Color-300x300.png 300w, https:\/\/ag-foto.de\/wp-content\/uploads\/2023\/03\/05_05Color-150x150.png 150w, https:\/\/ag-foto.de\/wp-content\/uploads\/2023\/03\/05_05Color-768x769.png 768w, https:\/\/ag-foto.de\/wp-content\/uploads\/2023\/03\/05_05Color.png 1067w\" sizes=\"(max-width: 1024px) 100vw, 1024px\" \/><\/a><\/figure>\n\n\n\n<figure class=\"wp-block-image size-large\"><a href=\"https:\/\/ag-foto.de\/wp-content\/uploads\/2023\/03\/04_08Color.png\"><img decoding=\"async\" width=\"1024\" height=\"1024\" data-id=\"1119\" src=\"https:\/\/ag-foto.de\/wp-content\/uploads\/2023\/03\/04_08Color-1024x1024.png\" alt=\"\" class=\"wp-image-1119\" srcset=\"https:\/\/ag-foto.de\/wp-content\/uploads\/2023\/03\/04_08Color-1024x1024.png 1024w, https:\/\/ag-foto.de\/wp-content\/uploads\/2023\/03\/04_08Color-300x300.png 300w, https:\/\/ag-foto.de\/wp-content\/uploads\/2023\/03\/04_08Color-150x150.png 150w, https:\/\/ag-foto.de\/wp-content\/uploads\/2023\/03\/04_08Color-768x769.png 768w, https:\/\/ag-foto.de\/wp-content\/uploads\/2023\/03\/04_08Color.png 1067w\" sizes=\"(max-width: 1024px) 100vw, 1024px\" \/><\/a><\/figure>\n\n\n\n<figure class=\"wp-block-image size-large\"><a href=\"https:\/\/ag-foto.de\/wp-content\/uploads\/2023\/03\/05_04Color.png\"><img loading=\"lazy\" decoding=\"async\" width=\"1024\" height=\"1024\" data-id=\"1118\" src=\"https:\/\/ag-foto.de\/wp-content\/uploads\/2023\/03\/05_04Color-1024x1024.png\" alt=\"\" class=\"wp-image-1118\" srcset=\"https:\/\/ag-foto.de\/wp-content\/uploads\/2023\/03\/05_04Color-1024x1024.png 1024w, https:\/\/ag-foto.de\/wp-content\/uploads\/2023\/03\/05_04Color-300x300.png 300w, https:\/\/ag-foto.de\/wp-content\/uploads\/2023\/03\/05_04Color-150x150.png 150w, https:\/\/ag-foto.de\/wp-content\/uploads\/2023\/03\/05_04Color-768x769.png 768w, https:\/\/ag-foto.de\/wp-content\/uploads\/2023\/03\/05_04Color.png 1067w\" sizes=\"(max-width: 1024px) 100vw, 1024px\" \/><\/a><\/figure>\n\n\n\n<figure class=\"wp-block-image size-large\"><a href=\"https:\/\/ag-foto.de\/wp-content\/uploads\/2023\/03\/05_04Color.png\"><img loading=\"lazy\" decoding=\"async\" width=\"1024\" height=\"1024\" data-id=\"1118\" src=\"https:\/\/ag-foto.de\/wp-content\/uploads\/2023\/03\/05_04Color-1024x1024.png\" alt=\"\" class=\"wp-image-1118\" srcset=\"https:\/\/ag-foto.de\/wp-content\/uploads\/2023\/03\/05_04Color-1024x1024.png 1024w, https:\/\/ag-foto.de\/wp-content\/uploads\/2023\/03\/05_04Color-300x300.png 300w, https:\/\/ag-foto.de\/wp-content\/uploads\/2023\/03\/05_04Color-150x150.png 150w, https:\/\/ag-foto.de\/wp-content\/uploads\/2023\/03\/05_04Color-768x769.png 768w, https:\/\/ag-foto.de\/wp-content\/uploads\/2023\/03\/05_04Color.png 1067w\" sizes=\"(max-width: 1024px) 100vw, 1024px\" \/><\/a><\/figure>\n<\/figure>\n\n\n\n<h3 class=\"wp-block-heading\"><strong>Jetzt Termin sichern<\/strong><\/h3>\n\n\n\n<p>Starte deine Karriere mit einer Sedcard, die \u00fcberzeugt.<\/p>\n\n\n\n<div class=\"wp-block-buttons is-content-justification-center is-layout-flex wp-container-core-buttons-is-layout-a89b3969 wp-block-buttons-is-layout-flex\">\n<div class=\"wp-block-button\"><a class=\"wp-block-button__link has-black-color has-vivid-cyan-blue-background-color has-text-color has-background wp-element-button\" href=\"https:\/\/ag-foto.de\/?page_id=1297\">Hier kommst Du zu unseren Leistungen und Preise<\/a><\/div>\n<\/div>\n\n\n\n<p><\/p>\n","protected":false},"excerpt":{"rendered":"<p>Deine Eintrittskarte in die Welt des Business und Modelings Wir unterst\u00fctzen dich bei der Erstellung deiner perfekten Sedcard \u2013 professionell, individuell und aussagekr\u00e4ftig. https:\/\/www.instagram.com\/kaithy_m\/ Unser Anspruch Wir liefern dir professionell ausgeleuchtete, hochaufl\u00f6sende und gestochen scharfe Fotos, die deine Einzigartigkeit unterstreichen \u2013 f\u00fcr Bewerbungen, Sedcards oder Portfolio-Pr\u00e4sentationen deiner t\u00e4nzerischen F\u00e4higkeiten und St\u00e4rken. Jetzt Termin sichern Starte &hellip; <\/p>\n<p class=\"link-more\"><a href=\"https:\/\/ag-foto.de\/?page_id=1095\" class=\"more-link\">Mehr <span class=\"screen-reader-text\">\u00fcber &#8222;Sed-Cards&#8220; <\/span>Lesen<\/a><\/p>\n","protected":false},"author":1,"featured_media":4080,"parent":416,"menu_order":20,"comment_status":"closed","ping_status":"closed","template":"","meta":{"_glsr_average":0,"_glsr_ranking":0,"_glsr_reviews":0,"two_page_speed":[],"footnotes":""},"class_list":["post-1095","page","type-page","status-publish","has-post-thumbnail","hentry"],"yoast_head":"<!-- This site is optimized with the Yoast SEO plugin v27.5 - https:\/\/yoast.com\/product\/yoast-seo-wordpress\/ -->\n<title>Sed-Cards - FOTOGRAPHIE OF MOMENTS<\/title>\n<meta name=\"description\" content=\"Sedcard-Fotografie in Karlsruhe \u2013 professionelle Portr\u00e4t- und Ganzk\u00f6rperfotos f\u00fcr deine Modelbewerbung. Buche jetzt dein Sedcard-Shooting!\" \/>\n<meta name=\"robots\" content=\"index, follow, max-snippet:-1, max-image-preview:large, max-video-preview:-1\" \/>\n<link rel=\"canonical\" href=\"https:\/\/ag-foto.de\/?page_id=1095\" \/>\n<meta property=\"og:locale\" content=\"de_DE\" \/>\n<meta property=\"og:type\" content=\"article\" \/>\n<meta property=\"og:title\" content=\"Sed-Cards - FOTOGRAPHIE OF MOMENTS\" \/>\n<meta property=\"og:description\" content=\"Sedcard-Fotografie in Karlsruhe \u2013 professionelle Portr\u00e4t- und Ganzk\u00f6rperfotos f\u00fcr deine Modelbewerbung. Buche jetzt dein Sedcard-Shooting!\" \/>\n<meta property=\"og:url\" content=\"https:\/\/ag-foto.de\/?page_id=1095\" \/>\n<meta property=\"og:site_name\" content=\"FOTOGRAPHIE OF MOMENTS\" \/>\n<meta property=\"article:publisher\" content=\"https:\/\/www.facebook.com\/uwfoto\" \/>\n<meta property=\"article:modified_time\" content=\"2026-01-02T23:54:38+00:00\" \/>\n<meta property=\"og:image\" content=\"https:\/\/ag-foto.de\/wp-content\/uploads\/2025\/12\/cropped-IMG_1237.jpg\" \/>\n\t<meta property=\"og:image:width\" content=\"2000\" \/>\n\t<meta property=\"og:image:height\" content=\"1199\" \/>\n\t<meta property=\"og:image:type\" content=\"image\/jpeg\" \/>\n<meta name=\"twitter:card\" content=\"summary_large_image\" \/>\n<meta name=\"twitter:site\" content=\"@INFO_GERBER\" \/>\n<meta name=\"twitter:label1\" content=\"Gesch\u00e4tzte Lesezeit\" \/>\n\t<meta name=\"twitter:data1\" content=\"2\u00a0Minuten\" \/>\n<script type=\"application\/ld+json\" class=\"yoast-schema-graph\">{\"@context\":\"https:\\\/\\\/schema.org\",\"@graph\":[{\"@type\":\"WebPage\",\"@id\":\"https:\\\/\\\/ag-foto.de\\\/?page_id=1095\",\"url\":\"https:\\\/\\\/ag-foto.de\\\/?page_id=1095\",\"name\":\"Sed-Cards - FOTOGRAPHIE OF MOMENTS\",\"isPartOf\":{\"@id\":\"https:\\\/\\\/ag-foto.de\\\/#website\"},\"primaryImageOfPage\":{\"@id\":\"https:\\\/\\\/ag-foto.de\\\/?page_id=1095#primaryimage\"},\"image\":{\"@id\":\"https:\\\/\\\/ag-foto.de\\\/?page_id=1095#primaryimage\"},\"thumbnailUrl\":\"https:\\\/\\\/ag-foto.de\\\/wp-content\\\/uploads\\\/2025\\\/12\\\/cropped-IMG_1237.jpg\",\"datePublished\":\"2023-03-24T08:40:22+00:00\",\"dateModified\":\"2026-01-02T23:54:38+00:00\",\"description\":\"Sedcard-Fotografie in Karlsruhe \u2013 professionelle Portr\u00e4t- und Ganzk\u00f6rperfotos f\u00fcr deine Modelbewerbung. Buche jetzt dein Sedcard-Shooting!\",\"breadcrumb\":{\"@id\":\"https:\\\/\\\/ag-foto.de\\\/?page_id=1095#breadcrumb\"},\"inLanguage\":\"de\",\"potentialAction\":[{\"@type\":\"ReadAction\",\"target\":[\"https:\\\/\\\/ag-foto.de\\\/?page_id=1095\"]}]},{\"@type\":\"ImageObject\",\"inLanguage\":\"de\",\"@id\":\"https:\\\/\\\/ag-foto.de\\\/?page_id=1095#primaryimage\",\"url\":\"https:\\\/\\\/ag-foto.de\\\/wp-content\\\/uploads\\\/2025\\\/12\\\/cropped-IMG_1237.jpg\",\"contentUrl\":\"https:\\\/\\\/ag-foto.de\\\/wp-content\\\/uploads\\\/2025\\\/12\\\/cropped-IMG_1237.jpg\",\"width\":2000,\"height\":1199},{\"@type\":\"BreadcrumbList\",\"@id\":\"https:\\\/\\\/ag-foto.de\\\/?page_id=1095#breadcrumb\",\"itemListElement\":[{\"@type\":\"ListItem\",\"position\":1,\"name\":\"Startseite\",\"item\":\"https:\\\/\\\/ag-foto.de\\\/\"},{\"@type\":\"ListItem\",\"position\":2,\"name\":\"Shooting-Erlebnisse\",\"item\":\"https:\\\/\\\/ag-foto.de\\\/?page_id=416\"},{\"@type\":\"ListItem\",\"position\":3,\"name\":\"Sed-Cards\"}]},{\"@type\":\"WebSite\",\"@id\":\"https:\\\/\\\/ag-foto.de\\\/#website\",\"url\":\"https:\\\/\\\/ag-foto.de\\\/\",\"name\":\"FOTOGRAPHIE OF MOMENTS\",\"description\":\"Studio | Portrait | In- Outdoor | Homestory | Unterwasserfotografie\",\"potentialAction\":[{\"@type\":\"SearchAction\",\"target\":{\"@type\":\"EntryPoint\",\"urlTemplate\":\"https:\\\/\\\/ag-foto.de\\\/?s={search_term_string}\"},\"query-input\":{\"@type\":\"PropertyValueSpecification\",\"valueRequired\":true,\"valueName\":\"search_term_string\"}}],\"inLanguage\":\"de\"}]}<\/script>\n<!-- \/ Yoast SEO plugin. -->","yoast_head_json":{"title":"Sed-Cards - FOTOGRAPHIE OF MOMENTS","description":"Sedcard-Fotografie in Karlsruhe \u2013 professionelle Portr\u00e4t- und Ganzk\u00f6rperfotos f\u00fcr deine Modelbewerbung. Buche jetzt dein Sedcard-Shooting!","robots":{"index":"index","follow":"follow","max-snippet":"max-snippet:-1","max-image-preview":"max-image-preview:large","max-video-preview":"max-video-preview:-1"},"canonical":"https:\/\/ag-foto.de\/?page_id=1095","og_locale":"de_DE","og_type":"article","og_title":"Sed-Cards - FOTOGRAPHIE OF MOMENTS","og_description":"Sedcard-Fotografie in Karlsruhe \u2013 professionelle Portr\u00e4t- und Ganzk\u00f6rperfotos f\u00fcr deine Modelbewerbung. Buche jetzt dein Sedcard-Shooting!","og_url":"https:\/\/ag-foto.de\/?page_id=1095","og_site_name":"FOTOGRAPHIE OF MOMENTS","article_publisher":"https:\/\/www.facebook.com\/uwfoto","article_modified_time":"2026-01-02T23:54:38+00:00","og_image":[{"width":2000,"height":1199,"url":"https:\/\/ag-foto.de\/wp-content\/uploads\/2025\/12\/cropped-IMG_1237.jpg","type":"image\/jpeg"}],"twitter_card":"summary_large_image","twitter_site":"@INFO_GERBER","twitter_misc":{"Gesch\u00e4tzte Lesezeit":"2\u00a0Minuten"},"schema":{"@context":"https:\/\/schema.org","@graph":[{"@type":"WebPage","@id":"https:\/\/ag-foto.de\/?page_id=1095","url":"https:\/\/ag-foto.de\/?page_id=1095","name":"Sed-Cards - FOTOGRAPHIE OF MOMENTS","isPartOf":{"@id":"https:\/\/ag-foto.de\/#website"},"primaryImageOfPage":{"@id":"https:\/\/ag-foto.de\/?page_id=1095#primaryimage"},"image":{"@id":"https:\/\/ag-foto.de\/?page_id=1095#primaryimage"},"thumbnailUrl":"https:\/\/ag-foto.de\/wp-content\/uploads\/2025\/12\/cropped-IMG_1237.jpg","datePublished":"2023-03-24T08:40:22+00:00","dateModified":"2026-01-02T23:54:38+00:00","description":"Sedcard-Fotografie in Karlsruhe \u2013 professionelle Portr\u00e4t- und Ganzk\u00f6rperfotos f\u00fcr deine Modelbewerbung. Buche jetzt dein Sedcard-Shooting!","breadcrumb":{"@id":"https:\/\/ag-foto.de\/?page_id=1095#breadcrumb"},"inLanguage":"de","potentialAction":[{"@type":"ReadAction","target":["https:\/\/ag-foto.de\/?page_id=1095"]}]},{"@type":"ImageObject","inLanguage":"de","@id":"https:\/\/ag-foto.de\/?page_id=1095#primaryimage","url":"https:\/\/ag-foto.de\/wp-content\/uploads\/2025\/12\/cropped-IMG_1237.jpg","contentUrl":"https:\/\/ag-foto.de\/wp-content\/uploads\/2025\/12\/cropped-IMG_1237.jpg","width":2000,"height":1199},{"@type":"BreadcrumbList","@id":"https:\/\/ag-foto.de\/?page_id=1095#breadcrumb","itemListElement":[{"@type":"ListItem","position":1,"name":"Startseite","item":"https:\/\/ag-foto.de\/"},{"@type":"ListItem","position":2,"name":"Shooting-Erlebnisse","item":"https:\/\/ag-foto.de\/?page_id=416"},{"@type":"ListItem","position":3,"name":"Sed-Cards"}]},{"@type":"WebSite","@id":"https:\/\/ag-foto.de\/#website","url":"https:\/\/ag-foto.de\/","name":"FOTOGRAPHIE OF MOMENTS","description":"Studio | Portrait | In- Outdoor | Homestory | Unterwasserfotografie","potentialAction":[{"@type":"SearchAction","target":{"@type":"EntryPoint","urlTemplate":"https:\/\/ag-foto.de\/?s={search_term_string}"},"query-input":{"@type":"PropertyValueSpecification","valueRequired":true,"valueName":"search_term_string"}}],"inLanguage":"de"}]}},"_links":{"self":[{"href":"https:\/\/ag-foto.de\/index.php?rest_route=\/wp\/v2\/pages\/1095","targetHints":{"allow":["GET"]}}],"collection":[{"href":"https:\/\/ag-foto.de\/index.php?rest_route=\/wp\/v2\/pages"}],"about":[{"href":"https:\/\/ag-foto.de\/index.php?rest_route=\/wp\/v2\/types\/page"}],"author":[{"embeddable":true,"href":"https:\/\/ag-foto.de\/index.php?rest_route=\/wp\/v2\/users\/1"}],"replies":[{"embeddable":true,"href":"https:\/\/ag-foto.de\/index.php?rest_route=%2Fwp%2Fv2%2Fcomments&post=1095"}],"version-history":[{"count":2,"href":"https:\/\/ag-foto.de\/index.php?rest_route=\/wp\/v2\/pages\/1095\/revisions"}],"predecessor-version":[{"id":4157,"href":"https:\/\/ag-foto.de\/index.php?rest_route=\/wp\/v2\/pages\/1095\/revisions\/4157"}],"up":[{"embeddable":true,"href":"https:\/\/ag-foto.de\/index.php?rest_route=\/wp\/v2\/pages\/416"}],"wp:featuredmedia":[{"embeddable":true,"href":"https:\/\/ag-foto.de\/index.php?rest_route=\/wp\/v2\/media\/4080"}],"wp:attachment":[{"href":"https:\/\/ag-foto.de\/index.php?rest_route=%2Fwp%2Fv2%2Fmedia&parent=1095"}],"curies":[{"name":"wp","href":"https:\/\/api.w.org\/{rel}","templated":true}]}}